{"id":3030,"date":"2022-10-25T12:11:45","date_gmt":"2022-10-25T12:11:45","guid":{"rendered":"https:\/\/papex.sn\/?product=machine-a-plastifier-a4-comix-avantis"},"modified":"2024-07-09T09:54:15","modified_gmt":"2024-07-09T09:54:15","slug":"machine-a-plastifier-a4-comix-avantis","status":"publish","type":"product","link":"https:\/\/papex.sn\/?product=machine-a-plastifier-a4-comix-avantis","title":{"rendered":"Machine A Plastifier A4 Comix Avantis"},"content":{"rendered":"<p>1.Indications LED<br \/>\n2. Stratification \u00e0 chaud et \u00e0 froid<br \/>\nLargeur d&rsquo;entr\u00e9e : Format A4<br \/>\nPochettes plastifi\u00e9es : Froid, Chaud (80-125 microns)<br \/>\nNo.rouleau : 2<br \/>\nTemps de pr\u00e9chauffage : 3-5 minutes<br \/>\nVitesse de laminage : 300mm\/min<br \/>\nIndication LED : Marche (rouge), Pr\u00eat (bleu)<br \/>\nFonction de commutation : Marche\/Arr\u00eat, Froid-80 mic\/100 mic-125 mic<br \/>\nDimensions\uff1a340\u00d7135\u00d780<\/p>\n","protected":false},"excerpt":{"rendered":"<p>1.Indications LED 2. Stratification \u00e0 chaud et \u00e0 froid Largeur d&rsquo;entr\u00e9e : Format A4 Pochettes plastifi\u00e9es : Froid, Chaud (80-125&hellip;<\/p>\n","protected":false},"featured_media":2922,"comment_status":"open","ping_status":"closed","template":"","meta":[],"product_brand":[],"product_cat":[39,107],"product_tag":[],"class_list":{"0":"post-3030","1":"product","2":"type-product","3":"status-publish","4":"has-post-thumbnail","6":"product_cat-bureautique-informatique","7":"product_cat-plastification","9":"first","10":"instock","11":"shipping-taxable","12":"product-type-simple"},"yoast_head":"<!-- This site is optimized with the Yoast SEO plugin v27.4 - https:\/\/yoast.com\/product\/yoast-seo-wordpress\/ -->\n<title>Machine A Plastifier A4 Comix Avantis - PAPEX<\/title>\n<meta name=\"robots\" content=\"index, follow, max-snippet:-1, max-image-preview:large, max-video-preview:-1\" \/>\n<link rel=\"canonical\" href=\"https:\/\/papex.sn\/?product=machine-a-plastifier-a4-comix-avantis\" \/>\n<meta property=\"og:locale\" content=\"fr_FR\" \/>\n<meta property=\"og:type\" content=\"article\" \/>\n<meta property=\"og:title\" content=\"Machine A Plastifier A4 Comix Avantis - PAPEX\" \/>\n<meta property=\"og:description\" content=\"1.Indications LED 2. Stratification \u00e0 chaud et \u00e0 froid Largeur d&rsquo;entr\u00e9e : Format A4 Pochettes plastifi\u00e9es : Froid, Chaud (80-125&hellip;\" \/>\n<meta property=\"og:url\" content=\"https:\/\/papex.sn\/?product=machine-a-plastifier-a4-comix-avantis\" \/>\n<meta property=\"og:site_name\" content=\"PAPEX\" \/>\n<meta property=\"article:publisher\" content=\"https:\/\/www.facebook.com\/PapexSarl\" \/>\n<meta property=\"article:modified_time\" content=\"2024-07-09T09:54:15+00:00\" \/>\n<meta property=\"og:image\" content=\"https:\/\/papex.sn\/wp-content\/uploads\/2022\/10\/COMIX_F9050_01.jpg\" \/>\n\t<meta property=\"og:image:width\" content=\"503\" \/>\n\t<meta property=\"og:image:height\" content=\"501\" \/>\n\t<meta property=\"og:image:type\" content=\"image\/jpeg\" \/>\n<meta name=\"twitter:card\" content=\"summary_large_image\" \/>\n<script type=\"application\/ld+json\" class=\"yoast-schema-graph\">{\"@context\":\"https:\\\/\\\/schema.org\",\"@graph\":[{\"@type\":\"WebPage\",\"@id\":\"https:\\\/\\\/papex.sn\\\/?product=machine-a-plastifier-a4-comix-avantis\",\"url\":\"https:\\\/\\\/papex.sn\\\/?product=machine-a-plastifier-a4-comix-avantis\",\"name\":\"Machine A Plastifier A4 Comix Avantis - PAPEX\",\"isPartOf\":{\"@id\":\"https:\\\/\\\/papex.sn\\\/#website\"},\"primaryImageOfPage\":{\"@id\":\"https:\\\/\\\/papex.sn\\\/?product=machine-a-plastifier-a4-comix-avantis#primaryimage\"},\"image\":{\"@id\":\"https:\\\/\\\/papex.sn\\\/?product=machine-a-plastifier-a4-comix-avantis#primaryimage\"},\"thumbnailUrl\":\"https:\\\/\\\/papex.sn\\\/wp-content\\\/uploads\\\/2022\\\/10\\\/COMIX_F9050_01.jpg\",\"datePublished\":\"2022-10-25T12:11:45+00:00\",\"dateModified\":\"2024-07-09T09:54:15+00:00\",\"breadcrumb\":{\"@id\":\"https:\\\/\\\/papex.sn\\\/?product=machine-a-plastifier-a4-comix-avantis#breadcrumb\"},\"inLanguage\":\"fr-FR\",\"potentialAction\":[{\"@type\":\"ReadAction\",\"target\":[\"https:\\\/\\\/papex.sn\\\/?product=machine-a-plastifier-a4-comix-avantis\"]}]},{\"@type\":\"ImageObject\",\"inLanguage\":\"fr-FR\",\"@id\":\"https:\\\/\\\/papex.sn\\\/?product=machine-a-plastifier-a4-comix-avantis#primaryimage\",\"url\":\"https:\\\/\\\/papex.sn\\\/wp-content\\\/uploads\\\/2022\\\/10\\\/COMIX_F9050_01.jpg\",\"contentUrl\":\"https:\\\/\\\/papex.sn\\\/wp-content\\\/uploads\\\/2022\\\/10\\\/COMIX_F9050_01.jpg\",\"width\":503,\"height\":501},{\"@type\":\"BreadcrumbList\",\"@id\":\"https:\\\/\\\/papex.sn\\\/?product=machine-a-plastifier-a4-comix-avantis#breadcrumb\",\"itemListElement\":[{\"@type\":\"ListItem\",\"position\":1,\"name\":\"Accueil\",\"item\":\"https:\\\/\\\/papex.sn\\\/\"},{\"@type\":\"ListItem\",\"position\":2,\"name\":\"Boutique\",\"item\":\"https:\\\/\\\/papex.sn\\\/?page_id=388\"},{\"@type\":\"ListItem\",\"position\":3,\"name\":\"Machine A Plastifier A4 Comix Avantis\"}]},{\"@type\":\"WebSite\",\"@id\":\"https:\\\/\\\/papex.sn\\\/#website\",\"url\":\"https:\\\/\\\/papex.sn\\\/\",\"name\":\"PAPEX\",\"description\":\"Papeterie Express\",\"publisher\":{\"@id\":\"https:\\\/\\\/papex.sn\\\/#organization\"},\"potentialAction\":[{\"@type\":\"SearchAction\",\"target\":{\"@type\":\"EntryPoint\",\"urlTemplate\":\"https:\\\/\\\/papex.sn\\\/?s={search_term_string}\"},\"query-input\":{\"@type\":\"PropertyValueSpecification\",\"valueRequired\":true,\"valueName\":\"search_term_string\"}}],\"inLanguage\":\"fr-FR\"},{\"@type\":\"Organization\",\"@id\":\"https:\\\/\\\/papex.sn\\\/#organization\",\"name\":\"PAPEX\",\"url\":\"https:\\\/\\\/papex.sn\\\/\",\"logo\":{\"@type\":\"ImageObject\",\"inLanguage\":\"fr-FR\",\"@id\":\"https:\\\/\\\/papex.sn\\\/#\\\/schema\\\/logo\\\/image\\\/\",\"url\":\"https:\\\/\\\/papex.sn\\\/wp-content\\\/uploads\\\/2022\\\/05\\\/telechargement-1.jpg\",\"contentUrl\":\"https:\\\/\\\/papex.sn\\\/wp-content\\\/uploads\\\/2022\\\/05\\\/telechargement-1.jpg\",\"width\":299,\"height\":168,\"caption\":\"PAPEX\"},\"image\":{\"@id\":\"https:\\\/\\\/papex.sn\\\/#\\\/schema\\\/logo\\\/image\\\/\"},\"sameAs\":[\"https:\\\/\\\/www.facebook.com\\\/PapexSarl\",\"https:\\\/\\\/www.instagram.com\\\/papex.sarl\\\/\"]}]}<\/script>\n<!-- \/ Yoast SEO plugin. -->","yoast_head_json":{"title":"Machine A Plastifier A4 Comix Avantis - PAPEX","robots":{"index":"index","follow":"follow","max-snippet":"max-snippet:-1","max-image-preview":"max-image-preview:large","max-video-preview":"max-video-preview:-1"},"canonical":"https:\/\/papex.sn\/?product=machine-a-plastifier-a4-comix-avantis","og_locale":"fr_FR","og_type":"article","og_title":"Machine A Plastifier A4 Comix Avantis - PAPEX","og_description":"1.Indications LED 2. Stratification \u00e0 chaud et \u00e0 froid Largeur d&rsquo;entr\u00e9e : Format A4 Pochettes plastifi\u00e9es : Froid, Chaud (80-125&hellip;","og_url":"https:\/\/papex.sn\/?product=machine-a-plastifier-a4-comix-avantis","og_site_name":"PAPEX","article_publisher":"https:\/\/www.facebook.com\/PapexSarl","article_modified_time":"2024-07-09T09:54:15+00:00","og_image":[{"width":503,"height":501,"url":"https:\/\/papex.sn\/wp-content\/uploads\/2022\/10\/COMIX_F9050_01.jpg","type":"image\/jpeg"}],"twitter_card":"summary_large_image","schema":{"@context":"https:\/\/schema.org","@graph":[{"@type":"WebPage","@id":"https:\/\/papex.sn\/?product=machine-a-plastifier-a4-comix-avantis","url":"https:\/\/papex.sn\/?product=machine-a-plastifier-a4-comix-avantis","name":"Machine A Plastifier A4 Comix Avantis - PAPEX","isPartOf":{"@id":"https:\/\/papex.sn\/#website"},"primaryImageOfPage":{"@id":"https:\/\/papex.sn\/?product=machine-a-plastifier-a4-comix-avantis#primaryimage"},"image":{"@id":"https:\/\/papex.sn\/?product=machine-a-plastifier-a4-comix-avantis#primaryimage"},"thumbnailUrl":"https:\/\/papex.sn\/wp-content\/uploads\/2022\/10\/COMIX_F9050_01.jpg","datePublished":"2022-10-25T12:11:45+00:00","dateModified":"2024-07-09T09:54:15+00:00","breadcrumb":{"@id":"https:\/\/papex.sn\/?product=machine-a-plastifier-a4-comix-avantis#breadcrumb"},"inLanguage":"fr-FR","potentialAction":[{"@type":"ReadAction","target":["https:\/\/papex.sn\/?product=machine-a-plastifier-a4-comix-avantis"]}]},{"@type":"ImageObject","inLanguage":"fr-FR","@id":"https:\/\/papex.sn\/?product=machine-a-plastifier-a4-comix-avantis#primaryimage","url":"https:\/\/papex.sn\/wp-content\/uploads\/2022\/10\/COMIX_F9050_01.jpg","contentUrl":"https:\/\/papex.sn\/wp-content\/uploads\/2022\/10\/COMIX_F9050_01.jpg","width":503,"height":501},{"@type":"BreadcrumbList","@id":"https:\/\/papex.sn\/?product=machine-a-plastifier-a4-comix-avantis#breadcrumb","itemListElement":[{"@type":"ListItem","position":1,"name":"Accueil","item":"https:\/\/papex.sn\/"},{"@type":"ListItem","position":2,"name":"Boutique","item":"https:\/\/papex.sn\/?page_id=388"},{"@type":"ListItem","position":3,"name":"Machine A Plastifier A4 Comix Avantis"}]},{"@type":"WebSite","@id":"https:\/\/papex.sn\/#website","url":"https:\/\/papex.sn\/","name":"PAPEX","description":"Papeterie Express","publisher":{"@id":"https:\/\/papex.sn\/#organization"},"potentialAction":[{"@type":"SearchAction","target":{"@type":"EntryPoint","urlTemplate":"https:\/\/papex.sn\/?s={search_term_string}"},"query-input":{"@type":"PropertyValueSpecification","valueRequired":true,"valueName":"search_term_string"}}],"inLanguage":"fr-FR"},{"@type":"Organization","@id":"https:\/\/papex.sn\/#organization","name":"PAPEX","url":"https:\/\/papex.sn\/","logo":{"@type":"ImageObject","inLanguage":"fr-FR","@id":"https:\/\/papex.sn\/#\/schema\/logo\/image\/","url":"https:\/\/papex.sn\/wp-content\/uploads\/2022\/05\/telechargement-1.jpg","contentUrl":"https:\/\/papex.sn\/wp-content\/uploads\/2022\/05\/telechargement-1.jpg","width":299,"height":168,"caption":"PAPEX"},"image":{"@id":"https:\/\/papex.sn\/#\/schema\/logo\/image\/"},"sameAs":["https:\/\/www.facebook.com\/PapexSarl","https:\/\/www.instagram.com\/papex.sarl\/"]}]}},"_links":{"self":[{"href":"https:\/\/papex.sn\/index.php?rest_route=\/wp\/v2\/product\/3030","targetHints":{"allow":["GET"]}}],"collection":[{"href":"https:\/\/papex.sn\/index.php?rest_route=\/wp\/v2\/product"}],"about":[{"href":"https:\/\/papex.sn\/index.php?rest_route=\/wp\/v2\/types\/product"}],"replies":[{"embeddable":true,"href":"https:\/\/papex.sn\/index.php?rest_route=%2Fwp%2Fv2%2Fcomments&post=3030"}],"version-history":[{"count":1,"href":"https:\/\/papex.sn\/index.php?rest_route=\/wp\/v2\/product\/3030\/revisions"}],"predecessor-version":[{"id":3311,"href":"https:\/\/papex.sn\/index.php?rest_route=\/wp\/v2\/product\/3030\/revisions\/3311"}],"wp:featuredmedia":[{"embeddable":true,"href":"https:\/\/papex.sn\/index.php?rest_route=\/wp\/v2\/media\/2922"}],"wp:attachment":[{"href":"https:\/\/papex.sn\/index.php?rest_route=%2Fwp%2Fv2%2Fmedia&parent=3030"}],"wp:term":[{"taxonomy":"product_brand","embeddable":true,"href":"https:\/\/papex.sn\/index.php?rest_route=%2Fwp%2Fv2%2Fproduct_brand&post=3030"},{"taxonomy":"product_cat","embeddable":true,"href":"https:\/\/papex.sn\/index.php?rest_route=%2Fwp%2Fv2%2Fproduct_cat&post=3030"},{"taxonomy":"product_tag","embeddable":true,"href":"https:\/\/papex.sn\/index.php?rest_route=%2Fwp%2Fv2%2Fproduct_tag&post=3030"}],"curies":[{"name":"wp","href":"https:\/\/api.w.org\/{rel}","templated":true}]}}