{"id":2759,"date":"2022-10-21T11:41:23","date_gmt":"2022-10-21T11:41:23","guid":{"rendered":"https:\/\/papex.sn\/?product=imprimante-hp-m281fdn"},"modified":"2024-07-09T10:03:48","modified_gmt":"2024-07-09T10:03:48","slug":"imprimante-hp-m281fdn","status":"publish","type":"product","link":"https:\/\/papex.sn\/?product=imprimante-hp-m281fdn","title":{"rendered":"Imprimante HP M281FDN"},"content":{"rendered":"<p>Principales caract\u00e9ristiques<br \/>\nVotre premi\u00e8re page, ultra-rapide<br \/>\nSaisissez vos documents et partez, avec le temps de sortie de la premi\u00e8re page (FPOT) le plus rapide de sa cat\u00e9gorie.<br \/>\nVitesses d&rsquo;impression rapides<br \/>\nImprimez rapidement vos documents professionnels gr\u00e2ce \u00e0 des vitesses d&rsquo;impression rapides.<br \/>\nTechnologie HP Auto-On\/Auto-Off<br \/>\n\u00c9conomisez de l&rsquo;\u00e9nergie avec la technologie HP Auto-On\/Auto-Off.<br \/>\nBac \u00e0 papier int\u00e9gr\u00e9 de 250 feuilles<br \/>\nRestez productif et changez de papier moins souvent avec un bac \u00e0 papier d&rsquo;une capacit\u00e9 de 250 feuilles.<br \/>\nAugmentez votre productivit\u00e9 avec le chargeur automatique de documents.<br \/>\nEffectuez vos t\u00e2ches en un clin d&rsquo;\u0153il avec l&rsquo;impression, la num\u00e9risation, la copie et la t\u00e9l\u00e9copie automatiques.<br \/>\nImprimer depuis USB<br \/>\nImprimez facilement des documents professionnels \u00e0 partir d&rsquo;une cl\u00e9 USB directement sur l&rsquo;appareil.<br \/>\nContr\u00f4le pratique de l&rsquo;\u00e9cran tactile<br \/>\nG\u00e9rez facilement les t\u00e2ches sur l&rsquo;appareil avec un \u00e9cran tactile intuitif.<br \/>\nNum\u00e9riser, envoyer, simple<br \/>\nNum\u00e9risez des fichiers num\u00e9riques directement vers des e-mails, des dossiers r\u00e9seau et le cloud.<br \/>\nFonctionnalit\u00e9s fondamentales de s\u00e9curit\u00e9 et de gestion<br \/>\nDes couleurs de haute qualit\u00e9, page apr\u00e8s page<br \/>\nComptez sur des couleurs de haute qualit\u00e9 et plus de pages qu&rsquo;auparavant avec les cartouches de toner HP authentiques avec JetIntelligence.<br \/>\nCartouches HP d&rsquo;origine<br \/>\nCartouche de toner noir HP LaserJet 202A (rendement ~1400)<br \/>\nCartouche de toner HP LaserJet cyan 202A (rendement ~1300)<br \/>\nCartouche de toner jaune HP LaserJet 202A (rendement ~1300)<br \/>\nCartouche de toner magenta LaserJet HP 202A (rendement ~1300)<br \/>\nCartouche de toner noir HP LaserJet 202X (rendement ~3200)<br \/>\nCartouche de toner cyan HP 202X LaserJet (rendement d&rsquo;environ 2 500)<br \/>\nCartouche de toner jaune HP LaserJet 202X (rendement ~2 500)<br \/>\nCartouche de toner magenta LaserJet HP 202X (rendement d&rsquo;environ 2 500)<br \/>\nCartouche de toner noir HP LaserJet 203A (rendement ~1400)<br \/>\nCartouche de toner HP LaserJet cyan 203A (rendement ~1300)<br \/>\nCartouche de toner jaune HP LaserJet 203A (rendement ~1300)<br \/>\nCartouche de toner magenta LaserJet HP 203A (rendement d&rsquo;environ 1 300)<br \/>\nCartouche de toner noir HP LaserJet 203X (rendement ~3200)<br \/>\nCartouche de toner HP LaserJet cyan 203X (rendement ~2 500)<br \/>\nCartouche de toner jaune HP LaserJet 203X (rendement ~2 500)<br \/>\nCartouche de toner magenta LaserJet HP 203X (rendement d&rsquo;environ 2 500)<br \/>\nDans la boite<br \/>\nQu&rsquo;y a-t-il dans la boite<br \/>\nHP Color LaserJet Pro MFP M281fdnT6B81A)<br \/>\nCartouches HP LaserJet Color d&rsquo;introduction (rendement d&rsquo;environ 700 pages en composite couleur (C\/J\/M) et d&rsquo;environ 1 400 pages en noir)<br \/>\nGuide d&rsquo;installation<br \/>\nDocumentation et logiciel de l&rsquo;imprimante sur CD-ROM<br \/>\nCordon d&rsquo;alimentation<br \/>\nC\u00e2ble USB (AP uniquement)<br \/>\nc\u00e2ble(s)<br \/>\nOui, 1 USB (AP uniquement)<br \/>\nNon, veuillez acheter le c\u00e2ble USB s\u00e9par\u00e9ment (EMEA, Am\u00e9riques)<\/p>\n","protected":false},"excerpt":{"rendered":"<p>Faites sensation avec des couleurs de haute qualit\u00e9 et une productivit\u00e9 accrue.\u00a0Obtenez la vitesse d&rsquo;impression recto verso la plus rapide de sa cat\u00e9gorie et le temps de sortie de la premi\u00e8re page (FPOT).\u00a01\u00a0\u00a02\u00a0Num\u00e9risez, copiez et t\u00e9l\u00e9copiez.\u00a0Comptez sur des solutions de s\u00e9curit\u00e9 simples et b\u00e9n\u00e9ficiez d&rsquo;une impression mobile facile.\u00a03<\/p>\n","protected":false},"featured_media":2758,"comment_status":"open","ping_status":"closed","template":"","meta":[],"product_brand":[],"product_cat":[39,114],"product_tag":[],"class_list":{"0":"post-2759","1":"product","2":"type-product","3":"status-publish","4":"has-post-thumbnail","6":"product_cat-bureautique-informatique","7":"product_cat-imprimantes","9":"first","10":"instock","11":"shipping-taxable","12":"product-type-simple"},"yoast_head":"<!-- This site is optimized with the Yoast SEO plugin v27.3 - https:\/\/yoast.com\/product\/yoast-seo-wordpress\/ -->\n<title>Imprimante HP M281FDN - PAPEX<\/title>\n<meta name=\"robots\" content=\"index, follow, max-snippet:-1, max-image-preview:large, max-video-preview:-1\" \/>\n<link rel=\"canonical\" href=\"https:\/\/papex.sn\/?product=imprimante-hp-m281fdn\" \/>\n<meta property=\"og:locale\" content=\"fr_FR\" \/>\n<meta property=\"og:type\" content=\"article\" \/>\n<meta property=\"og:title\" content=\"Imprimante HP M281FDN - PAPEX\" \/>\n<meta property=\"og:description\" content=\"Faites sensation avec des couleurs de haute qualit\u00e9 et une productivit\u00e9 accrue.\u00a0Obtenez la vitesse d&#039;impression recto verso la plus rapide de sa cat\u00e9gorie et le temps de sortie de la premi\u00e8re page (FPOT).\u00a01\u00a0\u00a02\u00a0Num\u00e9risez, copiez et t\u00e9l\u00e9copiez.\u00a0Comptez sur des solutions de s\u00e9curit\u00e9 simples et b\u00e9n\u00e9ficiez d&#039;une impression mobile facile.\u00a03\" \/>\n<meta property=\"og:url\" content=\"https:\/\/papex.sn\/?product=imprimante-hp-m281fdn\" \/>\n<meta property=\"og:site_name\" content=\"PAPEX\" \/>\n<meta property=\"article:publisher\" content=\"https:\/\/www.facebook.com\/PapexSarl\" \/>\n<meta property=\"article:modified_time\" content=\"2024-07-09T10:03:48+00:00\" \/>\n<meta property=\"og:image\" content=\"https:\/\/papex.sn\/wp-content\/uploads\/2022\/10\/T6B81A-800x800-1.jpg\" \/>\n\t<meta property=\"og:image:width\" content=\"800\" \/>\n\t<meta property=\"og:image:height\" content=\"800\" \/>\n\t<meta property=\"og:image:type\" content=\"image\/jpeg\" \/>\n<meta name=\"twitter:card\" content=\"summary_large_image\" \/>\n<meta name=\"twitter:label1\" content=\"Dur\u00e9e de lecture estim\u00e9e\" \/>\n\t<meta name=\"twitter:data1\" content=\"2 minutes\" \/>\n<script type=\"application\/ld+json\" class=\"yoast-schema-graph\">{\"@context\":\"https:\\\/\\\/schema.org\",\"@graph\":[{\"@type\":\"WebPage\",\"@id\":\"https:\\\/\\\/papex.sn\\\/?product=imprimante-hp-m281fdn\",\"url\":\"https:\\\/\\\/papex.sn\\\/?product=imprimante-hp-m281fdn\",\"name\":\"Imprimante HP M281FDN - PAPEX\",\"isPartOf\":{\"@id\":\"https:\\\/\\\/papex.sn\\\/#website\"},\"primaryImageOfPage\":{\"@id\":\"https:\\\/\\\/papex.sn\\\/?product=imprimante-hp-m281fdn#primaryimage\"},\"image\":{\"@id\":\"https:\\\/\\\/papex.sn\\\/?product=imprimante-hp-m281fdn#primaryimage\"},\"thumbnailUrl\":\"https:\\\/\\\/papex.sn\\\/wp-content\\\/uploads\\\/2022\\\/10\\\/T6B81A-800x800-1.jpg\",\"datePublished\":\"2022-10-21T11:41:23+00:00\",\"dateModified\":\"2024-07-09T10:03:48+00:00\",\"breadcrumb\":{\"@id\":\"https:\\\/\\\/papex.sn\\\/?product=imprimante-hp-m281fdn#breadcrumb\"},\"inLanguage\":\"fr-FR\",\"potentialAction\":[{\"@type\":\"ReadAction\",\"target\":[\"https:\\\/\\\/papex.sn\\\/?product=imprimante-hp-m281fdn\"]}]},{\"@type\":\"ImageObject\",\"inLanguage\":\"fr-FR\",\"@id\":\"https:\\\/\\\/papex.sn\\\/?product=imprimante-hp-m281fdn#primaryimage\",\"url\":\"https:\\\/\\\/papex.sn\\\/wp-content\\\/uploads\\\/2022\\\/10\\\/T6B81A-800x800-1.jpg\",\"contentUrl\":\"https:\\\/\\\/papex.sn\\\/wp-content\\\/uploads\\\/2022\\\/10\\\/T6B81A-800x800-1.jpg\",\"width\":800,\"height\":800},{\"@type\":\"BreadcrumbList\",\"@id\":\"https:\\\/\\\/papex.sn\\\/?product=imprimante-hp-m281fdn#breadcrumb\",\"itemListElement\":[{\"@type\":\"ListItem\",\"position\":1,\"name\":\"Accueil\",\"item\":\"https:\\\/\\\/papex.sn\\\/\"},{\"@type\":\"ListItem\",\"position\":2,\"name\":\"Boutique\",\"item\":\"https:\\\/\\\/papex.sn\\\/?page_id=388\"},{\"@type\":\"ListItem\",\"position\":3,\"name\":\"Imprimante HP M281FDN\"}]},{\"@type\":\"WebSite\",\"@id\":\"https:\\\/\\\/papex.sn\\\/#website\",\"url\":\"https:\\\/\\\/papex.sn\\\/\",\"name\":\"PAPEX\",\"description\":\"Papeterie Express\",\"publisher\":{\"@id\":\"https:\\\/\\\/papex.sn\\\/#organization\"},\"potentialAction\":[{\"@type\":\"SearchAction\",\"target\":{\"@type\":\"EntryPoint\",\"urlTemplate\":\"https:\\\/\\\/papex.sn\\\/?s={search_term_string}\"},\"query-input\":{\"@type\":\"PropertyValueSpecification\",\"valueRequired\":true,\"valueName\":\"search_term_string\"}}],\"inLanguage\":\"fr-FR\"},{\"@type\":\"Organization\",\"@id\":\"https:\\\/\\\/papex.sn\\\/#organization\",\"name\":\"PAPEX\",\"url\":\"https:\\\/\\\/papex.sn\\\/\",\"logo\":{\"@type\":\"ImageObject\",\"inLanguage\":\"fr-FR\",\"@id\":\"https:\\\/\\\/papex.sn\\\/#\\\/schema\\\/logo\\\/image\\\/\",\"url\":\"https:\\\/\\\/papex.sn\\\/wp-content\\\/uploads\\\/2022\\\/05\\\/telechargement-1.jpg\",\"contentUrl\":\"https:\\\/\\\/papex.sn\\\/wp-content\\\/uploads\\\/2022\\\/05\\\/telechargement-1.jpg\",\"width\":299,\"height\":168,\"caption\":\"PAPEX\"},\"image\":{\"@id\":\"https:\\\/\\\/papex.sn\\\/#\\\/schema\\\/logo\\\/image\\\/\"},\"sameAs\":[\"https:\\\/\\\/www.facebook.com\\\/PapexSarl\",\"https:\\\/\\\/www.instagram.com\\\/papex.sarl\\\/\"]}]}<\/script>\n<!-- \/ Yoast SEO plugin. -->","yoast_head_json":{"title":"Imprimante HP M281FDN - PAPEX","robots":{"index":"index","follow":"follow","max-snippet":"max-snippet:-1","max-image-preview":"max-image-preview:large","max-video-preview":"max-video-preview:-1"},"canonical":"https:\/\/papex.sn\/?product=imprimante-hp-m281fdn","og_locale":"fr_FR","og_type":"article","og_title":"Imprimante HP M281FDN - PAPEX","og_description":"Faites sensation avec des couleurs de haute qualit\u00e9 et une productivit\u00e9 accrue.\u00a0Obtenez la vitesse d'impression recto verso la plus rapide de sa cat\u00e9gorie et le temps de sortie de la premi\u00e8re page (FPOT).\u00a01\u00a0\u00a02\u00a0Num\u00e9risez, copiez et t\u00e9l\u00e9copiez.\u00a0Comptez sur des solutions de s\u00e9curit\u00e9 simples et b\u00e9n\u00e9ficiez d'une impression mobile facile.\u00a03","og_url":"https:\/\/papex.sn\/?product=imprimante-hp-m281fdn","og_site_name":"PAPEX","article_publisher":"https:\/\/www.facebook.com\/PapexSarl","article_modified_time":"2024-07-09T10:03:48+00:00","og_image":[{"width":800,"height":800,"url":"https:\/\/papex.sn\/wp-content\/uploads\/2022\/10\/T6B81A-800x800-1.jpg","type":"image\/jpeg"}],"twitter_card":"summary_large_image","twitter_misc":{"Dur\u00e9e de lecture estim\u00e9e":"2 minutes"},"schema":{"@context":"https:\/\/schema.org","@graph":[{"@type":"WebPage","@id":"https:\/\/papex.sn\/?product=imprimante-hp-m281fdn","url":"https:\/\/papex.sn\/?product=imprimante-hp-m281fdn","name":"Imprimante HP M281FDN - PAPEX","isPartOf":{"@id":"https:\/\/papex.sn\/#website"},"primaryImageOfPage":{"@id":"https:\/\/papex.sn\/?product=imprimante-hp-m281fdn#primaryimage"},"image":{"@id":"https:\/\/papex.sn\/?product=imprimante-hp-m281fdn#primaryimage"},"thumbnailUrl":"https:\/\/papex.sn\/wp-content\/uploads\/2022\/10\/T6B81A-800x800-1.jpg","datePublished":"2022-10-21T11:41:23+00:00","dateModified":"2024-07-09T10:03:48+00:00","breadcrumb":{"@id":"https:\/\/papex.sn\/?product=imprimante-hp-m281fdn#breadcrumb"},"inLanguage":"fr-FR","potentialAction":[{"@type":"ReadAction","target":["https:\/\/papex.sn\/?product=imprimante-hp-m281fdn"]}]},{"@type":"ImageObject","inLanguage":"fr-FR","@id":"https:\/\/papex.sn\/?product=imprimante-hp-m281fdn#primaryimage","url":"https:\/\/papex.sn\/wp-content\/uploads\/2022\/10\/T6B81A-800x800-1.jpg","contentUrl":"https:\/\/papex.sn\/wp-content\/uploads\/2022\/10\/T6B81A-800x800-1.jpg","width":800,"height":800},{"@type":"BreadcrumbList","@id":"https:\/\/papex.sn\/?product=imprimante-hp-m281fdn#breadcrumb","itemListElement":[{"@type":"ListItem","position":1,"name":"Accueil","item":"https:\/\/papex.sn\/"},{"@type":"ListItem","position":2,"name":"Boutique","item":"https:\/\/papex.sn\/?page_id=388"},{"@type":"ListItem","position":3,"name":"Imprimante HP M281FDN"}]},{"@type":"WebSite","@id":"https:\/\/papex.sn\/#website","url":"https:\/\/papex.sn\/","name":"PAPEX","description":"Papeterie Express","publisher":{"@id":"https:\/\/papex.sn\/#organization"},"potentialAction":[{"@type":"SearchAction","target":{"@type":"EntryPoint","urlTemplate":"https:\/\/papex.sn\/?s={search_term_string}"},"query-input":{"@type":"PropertyValueSpecification","valueRequired":true,"valueName":"search_term_string"}}],"inLanguage":"fr-FR"},{"@type":"Organization","@id":"https:\/\/papex.sn\/#organization","name":"PAPEX","url":"https:\/\/papex.sn\/","logo":{"@type":"ImageObject","inLanguage":"fr-FR","@id":"https:\/\/papex.sn\/#\/schema\/logo\/image\/","url":"https:\/\/papex.sn\/wp-content\/uploads\/2022\/05\/telechargement-1.jpg","contentUrl":"https:\/\/papex.sn\/wp-content\/uploads\/2022\/05\/telechargement-1.jpg","width":299,"height":168,"caption":"PAPEX"},"image":{"@id":"https:\/\/papex.sn\/#\/schema\/logo\/image\/"},"sameAs":["https:\/\/www.facebook.com\/PapexSarl","https:\/\/www.instagram.com\/papex.sarl\/"]}]}},"_links":{"self":[{"href":"https:\/\/papex.sn\/index.php?rest_route=\/wp\/v2\/product\/2759","targetHints":{"allow":["GET"]}}],"collection":[{"href":"https:\/\/papex.sn\/index.php?rest_route=\/wp\/v2\/product"}],"about":[{"href":"https:\/\/papex.sn\/index.php?rest_route=\/wp\/v2\/types\/product"}],"replies":[{"embeddable":true,"href":"https:\/\/papex.sn\/index.php?rest_route=%2Fwp%2Fv2%2Fcomments&post=2759"}],"version-history":[{"count":1,"href":"https:\/\/papex.sn\/index.php?rest_route=\/wp\/v2\/product\/2759\/revisions"}],"predecessor-version":[{"id":3442,"href":"https:\/\/papex.sn\/index.php?rest_route=\/wp\/v2\/product\/2759\/revisions\/3442"}],"wp:featuredmedia":[{"embeddable":true,"href":"https:\/\/papex.sn\/index.php?rest_route=\/wp\/v2\/media\/2758"}],"wp:attachment":[{"href":"https:\/\/papex.sn\/index.php?rest_route=%2Fwp%2Fv2%2Fmedia&parent=2759"}],"wp:term":[{"taxonomy":"product_brand","embeddable":true,"href":"https:\/\/papex.sn\/index.php?rest_route=%2Fwp%2Fv2%2Fproduct_brand&post=2759"},{"taxonomy":"product_cat","embeddable":true,"href":"https:\/\/papex.sn\/index.php?rest_route=%2Fwp%2Fv2%2Fproduct_cat&post=2759"},{"taxonomy":"product_tag","embeddable":true,"href":"https:\/\/papex.sn\/index.php?rest_route=%2Fwp%2Fv2%2Fproduct_tag&post=2759"}],"curies":[{"name":"wp","href":"https:\/\/api.w.org\/{rel}","templated":true}]}}