{"id":2693,"date":"2022-10-19T11:40:15","date_gmt":"2022-10-19T11:40:15","guid":{"rendered":"https:\/\/papex.sn\/?product=cartouche-laserjet-hp-4700-cyan-armor"},"modified":"2024-07-09T10:09:24","modified_gmt":"2024-07-09T10:09:24","slug":"cartouche-laserjet-hp-4700-cyan-armor","status":"publish","type":"product","link":"https:\/\/papex.sn\/?product=cartouche-laserjet-hp-4700-cyan-armor","title":{"rendered":"Cartouche Laserjet Hp 4700 Cyan\/Armor"},"content":{"rendered":"","protected":false},"excerpt":{"rendered":"<p>Marque HP<br \/>\nType LASER COULEUR<br \/>\nMod\u00e8le HP Color Laserjet 4700ph Plus<br \/>\nMod\u00e8le HP Color Laserjet 4700<br \/>\nMod\u00e8le HP Color Laserjet 4700n<br \/>\nMod\u00e8le HP Color Laserjet 4700dtn<br \/>\nMod\u00e8le HP Color Laserjet 4700dn<\/p>\n","protected":false},"featured_media":2692,"comment_status":"open","ping_status":"closed","template":"","meta":[],"product_brand":[],"product_cat":[41],"product_tag":[],"class_list":{"0":"post-2693","1":"product","2":"type-product","3":"status-publish","4":"has-post-thumbnail","6":"product_cat-cartouches-toners","8":"first","9":"instock","10":"shipping-taxable","11":"product-type-simple"},"yoast_head":"<!-- This site is optimized with the Yoast SEO plugin v27.5 - https:\/\/yoast.com\/product\/yoast-seo-wordpress\/ -->\n<title>Cartouche Laserjet Hp 4700 Cyan\/Armor - PAPEX<\/title>\n<meta name=\"robots\" content=\"index, follow, max-snippet:-1, max-image-preview:large, max-video-preview:-1\" \/>\n<link rel=\"canonical\" href=\"https:\/\/papex.sn\/?product=cartouche-laserjet-hp-4700-cyan-armor\" \/>\n<meta property=\"og:locale\" content=\"fr_FR\" \/>\n<meta property=\"og:type\" content=\"article\" \/>\n<meta property=\"og:title\" content=\"Cartouche Laserjet Hp 4700 Cyan\/Armor - PAPEX\" \/>\n<meta property=\"og:description\" content=\"Marque HP Type LASER COULEUR Mod\u00e8le HP Color Laserjet 4700ph Plus Mod\u00e8le HP Color Laserjet 4700 Mod\u00e8le HP Color Laserjet 4700n Mod\u00e8le HP Color Laserjet 4700dtn Mod\u00e8le HP Color Laserjet 4700dn\" \/>\n<meta property=\"og:url\" content=\"https:\/\/papex.sn\/?product=cartouche-laserjet-hp-4700-cyan-armor\" \/>\n<meta property=\"og:site_name\" content=\"PAPEX\" \/>\n<meta property=\"article:publisher\" content=\"https:\/\/www.facebook.com\/PapexSarl\" \/>\n<meta property=\"article:modified_time\" content=\"2024-07-09T10:09:24+00:00\" \/>\n<meta property=\"og:image\" content=\"https:\/\/papex.sn\/wp-content\/uploads\/2022\/10\/q5951a-toner-hp.jpg\" \/>\n\t<meta property=\"og:image:width\" content=\"458\" \/>\n\t<meta property=\"og:image:height\" content=\"458\" \/>\n\t<meta property=\"og:image:type\" content=\"image\/jpeg\" \/>\n<meta name=\"twitter:card\" content=\"summary_large_image\" \/>\n<script type=\"application\/ld+json\" class=\"yoast-schema-graph\">{\"@context\":\"https:\\\/\\\/schema.org\",\"@graph\":[{\"@type\":\"WebPage\",\"@id\":\"https:\\\/\\\/papex.sn\\\/?product=cartouche-laserjet-hp-4700-cyan-armor\",\"url\":\"https:\\\/\\\/papex.sn\\\/?product=cartouche-laserjet-hp-4700-cyan-armor\",\"name\":\"Cartouche Laserjet Hp 4700 Cyan\\\/Armor - PAPEX\",\"isPartOf\":{\"@id\":\"https:\\\/\\\/papex.sn\\\/#website\"},\"primaryImageOfPage\":{\"@id\":\"https:\\\/\\\/papex.sn\\\/?product=cartouche-laserjet-hp-4700-cyan-armor#primaryimage\"},\"image\":{\"@id\":\"https:\\\/\\\/papex.sn\\\/?product=cartouche-laserjet-hp-4700-cyan-armor#primaryimage\"},\"thumbnailUrl\":\"https:\\\/\\\/papex.sn\\\/wp-content\\\/uploads\\\/2022\\\/10\\\/q5951a-toner-hp.jpg\",\"datePublished\":\"2022-10-19T11:40:15+00:00\",\"dateModified\":\"2024-07-09T10:09:24+00:00\",\"breadcrumb\":{\"@id\":\"https:\\\/\\\/papex.sn\\\/?product=cartouche-laserjet-hp-4700-cyan-armor#breadcrumb\"},\"inLanguage\":\"fr-FR\",\"potentialAction\":[{\"@type\":\"ReadAction\",\"target\":[\"https:\\\/\\\/papex.sn\\\/?product=cartouche-laserjet-hp-4700-cyan-armor\"]}]},{\"@type\":\"ImageObject\",\"inLanguage\":\"fr-FR\",\"@id\":\"https:\\\/\\\/papex.sn\\\/?product=cartouche-laserjet-hp-4700-cyan-armor#primaryimage\",\"url\":\"https:\\\/\\\/papex.sn\\\/wp-content\\\/uploads\\\/2022\\\/10\\\/q5951a-toner-hp.jpg\",\"contentUrl\":\"https:\\\/\\\/papex.sn\\\/wp-content\\\/uploads\\\/2022\\\/10\\\/q5951a-toner-hp.jpg\",\"width\":458,\"height\":458},{\"@type\":\"BreadcrumbList\",\"@id\":\"https:\\\/\\\/papex.sn\\\/?product=cartouche-laserjet-hp-4700-cyan-armor#breadcrumb\",\"itemListElement\":[{\"@type\":\"ListItem\",\"position\":1,\"name\":\"Accueil\",\"item\":\"https:\\\/\\\/papex.sn\\\/\"},{\"@type\":\"ListItem\",\"position\":2,\"name\":\"Boutique\",\"item\":\"https:\\\/\\\/papex.sn\\\/?page_id=388\"},{\"@type\":\"ListItem\",\"position\":3,\"name\":\"Cartouche Laserjet Hp 4700 Cyan\\\/Armor\"}]},{\"@type\":\"WebSite\",\"@id\":\"https:\\\/\\\/papex.sn\\\/#website\",\"url\":\"https:\\\/\\\/papex.sn\\\/\",\"name\":\"PAPEX\",\"description\":\"Papeterie Express\",\"publisher\":{\"@id\":\"https:\\\/\\\/papex.sn\\\/#organization\"},\"potentialAction\":[{\"@type\":\"SearchAction\",\"target\":{\"@type\":\"EntryPoint\",\"urlTemplate\":\"https:\\\/\\\/papex.sn\\\/?s={search_term_string}\"},\"query-input\":{\"@type\":\"PropertyValueSpecification\",\"valueRequired\":true,\"valueName\":\"search_term_string\"}}],\"inLanguage\":\"fr-FR\"},{\"@type\":\"Organization\",\"@id\":\"https:\\\/\\\/papex.sn\\\/#organization\",\"name\":\"PAPEX\",\"url\":\"https:\\\/\\\/papex.sn\\\/\",\"logo\":{\"@type\":\"ImageObject\",\"inLanguage\":\"fr-FR\",\"@id\":\"https:\\\/\\\/papex.sn\\\/#\\\/schema\\\/logo\\\/image\\\/\",\"url\":\"https:\\\/\\\/papex.sn\\\/wp-content\\\/uploads\\\/2022\\\/05\\\/telechargement-1.jpg\",\"contentUrl\":\"https:\\\/\\\/papex.sn\\\/wp-content\\\/uploads\\\/2022\\\/05\\\/telechargement-1.jpg\",\"width\":299,\"height\":168,\"caption\":\"PAPEX\"},\"image\":{\"@id\":\"https:\\\/\\\/papex.sn\\\/#\\\/schema\\\/logo\\\/image\\\/\"},\"sameAs\":[\"https:\\\/\\\/www.facebook.com\\\/PapexSarl\",\"https:\\\/\\\/www.instagram.com\\\/papex.sarl\\\/\"]}]}<\/script>\n<!-- \/ Yoast SEO plugin. -->","yoast_head_json":{"title":"Cartouche Laserjet Hp 4700 Cyan\/Armor - PAPEX","robots":{"index":"index","follow":"follow","max-snippet":"max-snippet:-1","max-image-preview":"max-image-preview:large","max-video-preview":"max-video-preview:-1"},"canonical":"https:\/\/papex.sn\/?product=cartouche-laserjet-hp-4700-cyan-armor","og_locale":"fr_FR","og_type":"article","og_title":"Cartouche Laserjet Hp 4700 Cyan\/Armor - PAPEX","og_description":"Marque HP Type LASER COULEUR Mod\u00e8le HP Color Laserjet 4700ph Plus Mod\u00e8le HP Color Laserjet 4700 Mod\u00e8le HP Color Laserjet 4700n Mod\u00e8le HP Color Laserjet 4700dtn Mod\u00e8le HP Color Laserjet 4700dn","og_url":"https:\/\/papex.sn\/?product=cartouche-laserjet-hp-4700-cyan-armor","og_site_name":"PAPEX","article_publisher":"https:\/\/www.facebook.com\/PapexSarl","article_modified_time":"2024-07-09T10:09:24+00:00","og_image":[{"width":458,"height":458,"url":"https:\/\/papex.sn\/wp-content\/uploads\/2022\/10\/q5951a-toner-hp.jpg","type":"image\/jpeg"}],"twitter_card":"summary_large_image","schema":{"@context":"https:\/\/schema.org","@graph":[{"@type":"WebPage","@id":"https:\/\/papex.sn\/?product=cartouche-laserjet-hp-4700-cyan-armor","url":"https:\/\/papex.sn\/?product=cartouche-laserjet-hp-4700-cyan-armor","name":"Cartouche Laserjet Hp 4700 Cyan\/Armor - PAPEX","isPartOf":{"@id":"https:\/\/papex.sn\/#website"},"primaryImageOfPage":{"@id":"https:\/\/papex.sn\/?product=cartouche-laserjet-hp-4700-cyan-armor#primaryimage"},"image":{"@id":"https:\/\/papex.sn\/?product=cartouche-laserjet-hp-4700-cyan-armor#primaryimage"},"thumbnailUrl":"https:\/\/papex.sn\/wp-content\/uploads\/2022\/10\/q5951a-toner-hp.jpg","datePublished":"2022-10-19T11:40:15+00:00","dateModified":"2024-07-09T10:09:24+00:00","breadcrumb":{"@id":"https:\/\/papex.sn\/?product=cartouche-laserjet-hp-4700-cyan-armor#breadcrumb"},"inLanguage":"fr-FR","potentialAction":[{"@type":"ReadAction","target":["https:\/\/papex.sn\/?product=cartouche-laserjet-hp-4700-cyan-armor"]}]},{"@type":"ImageObject","inLanguage":"fr-FR","@id":"https:\/\/papex.sn\/?product=cartouche-laserjet-hp-4700-cyan-armor#primaryimage","url":"https:\/\/papex.sn\/wp-content\/uploads\/2022\/10\/q5951a-toner-hp.jpg","contentUrl":"https:\/\/papex.sn\/wp-content\/uploads\/2022\/10\/q5951a-toner-hp.jpg","width":458,"height":458},{"@type":"BreadcrumbList","@id":"https:\/\/papex.sn\/?product=cartouche-laserjet-hp-4700-cyan-armor#breadcrumb","itemListElement":[{"@type":"ListItem","position":1,"name":"Accueil","item":"https:\/\/papex.sn\/"},{"@type":"ListItem","position":2,"name":"Boutique","item":"https:\/\/papex.sn\/?page_id=388"},{"@type":"ListItem","position":3,"name":"Cartouche Laserjet Hp 4700 Cyan\/Armor"}]},{"@type":"WebSite","@id":"https:\/\/papex.sn\/#website","url":"https:\/\/papex.sn\/","name":"PAPEX","description":"Papeterie Express","publisher":{"@id":"https:\/\/papex.sn\/#organization"},"potentialAction":[{"@type":"SearchAction","target":{"@type":"EntryPoint","urlTemplate":"https:\/\/papex.sn\/?s={search_term_string}"},"query-input":{"@type":"PropertyValueSpecification","valueRequired":true,"valueName":"search_term_string"}}],"inLanguage":"fr-FR"},{"@type":"Organization","@id":"https:\/\/papex.sn\/#organization","name":"PAPEX","url":"https:\/\/papex.sn\/","logo":{"@type":"ImageObject","inLanguage":"fr-FR","@id":"https:\/\/papex.sn\/#\/schema\/logo\/image\/","url":"https:\/\/papex.sn\/wp-content\/uploads\/2022\/05\/telechargement-1.jpg","contentUrl":"https:\/\/papex.sn\/wp-content\/uploads\/2022\/05\/telechargement-1.jpg","width":299,"height":168,"caption":"PAPEX"},"image":{"@id":"https:\/\/papex.sn\/#\/schema\/logo\/image\/"},"sameAs":["https:\/\/www.facebook.com\/PapexSarl","https:\/\/www.instagram.com\/papex.sarl\/"]}]}},"_links":{"self":[{"href":"https:\/\/papex.sn\/index.php?rest_route=\/wp\/v2\/product\/2693","targetHints":{"allow":["GET"]}}],"collection":[{"href":"https:\/\/papex.sn\/index.php?rest_route=\/wp\/v2\/product"}],"about":[{"href":"https:\/\/papex.sn\/index.php?rest_route=\/wp\/v2\/types\/product"}],"replies":[{"embeddable":true,"href":"https:\/\/papex.sn\/index.php?rest_route=%2Fwp%2Fv2%2Fcomments&post=2693"}],"version-history":[{"count":1,"href":"https:\/\/papex.sn\/index.php?rest_route=\/wp\/v2\/product\/2693\/revisions"}],"predecessor-version":[{"id":3467,"href":"https:\/\/papex.sn\/index.php?rest_route=\/wp\/v2\/product\/2693\/revisions\/3467"}],"wp:featuredmedia":[{"embeddable":true,"href":"https:\/\/papex.sn\/index.php?rest_route=\/wp\/v2\/media\/2692"}],"wp:attachment":[{"href":"https:\/\/papex.sn\/index.php?rest_route=%2Fwp%2Fv2%2Fmedia&parent=2693"}],"wp:term":[{"taxonomy":"product_brand","embeddable":true,"href":"https:\/\/papex.sn\/index.php?rest_route=%2Fwp%2Fv2%2Fproduct_brand&post=2693"},{"taxonomy":"product_cat","embeddable":true,"href":"https:\/\/papex.sn\/index.php?rest_route=%2Fwp%2Fv2%2Fproduct_cat&post=2693"},{"taxonomy":"product_tag","embeddable":true,"href":"https:\/\/papex.sn\/index.php?rest_route=%2Fwp%2Fv2%2Fproduct_tag&post=2693"}],"curies":[{"name":"wp","href":"https:\/\/api.w.org\/{rel}","templated":true}]}}