{"id":2430,"date":"2022-10-12T09:31:42","date_gmt":"2022-10-12T09:31:42","guid":{"rendered":"https:\/\/papex.sn\/?post_type=product&#038;p=2430"},"modified":"2024-09-02T15:27:28","modified_gmt":"2024-09-02T15:27:28","slug":"ramette-papier-a4-paperone","status":"publish","type":"product","link":"https:\/\/papex.sn\/?product=ramette-papier-a4-paperone","title":{"rendered":"Ramette papier A4 EZ PAPER"},"content":{"rendered":"<ul>\n<li>Papier A4 EZ PAPER<\/li>\n<li>Extra blanc<\/li>\n<li>Ramettes de 500 feuilles<\/li>\n<li>R\u00e9put\u00e9 pour sa qualit\u00e9 premium, 100% made in S\u00e9n\u00e9gal<\/li>\n<li>EZ PAPER allie performance et respect de l\u2019environnement.<\/li>\n<li>EZ PAPER est parfaitement adapt\u00e9 aux copies, \u00e0 l\u2019impression laser, offset.<\/li>\n<\/ul>\n","protected":false},"excerpt":{"rendered":"<p>Le papier de bureau EZ PAPER est certifi\u00e9 PEFC et fabriqu\u00e9 \u00e0 partir de fibres 100 % renouvelables. EZ PAPER am\u00e9lior\u00e9 avec la technologie d&rsquo;impression Prodigy HD donne des couleurs \u00e9clatantes, des noirs plus denses, pas de bavures, des lignes nettes et permet d&rsquo;\u00e9conomiser jusqu&rsquo;\u00e0 18 % d&rsquo;utilisation. 1 rame, 500 morceaux de papiers de 70 g\/m\u00b2. (210 x 297 mm)<\/p>\n","protected":false},"featured_media":3614,"comment_status":"open","ping_status":"closed","template":"","meta":[],"product_brand":[],"product_cat":[37,60,88],"product_tag":[],"class_list":{"0":"post-2430","1":"product","2":"type-product","3":"status-publish","4":"has-post-thumbnail","6":"product_cat-papeterie-fourniture","7":"product_cat-papier","8":"product_cat-papiers-blancs-multifonctions","10":"first","11":"instock","12":"shipping-taxable","13":"product-type-simple"},"yoast_head":"<!-- This site is optimized with the Yoast SEO plugin v27.4 - https:\/\/yoast.com\/product\/yoast-seo-wordpress\/ -->\n<title>Ramette papier A4 EZ PAPER - PAPEX<\/title>\n<meta name=\"robots\" content=\"index, follow, max-snippet:-1, max-image-preview:large, max-video-preview:-1\" \/>\n<link rel=\"canonical\" href=\"https:\/\/papex.sn\/?product=ramette-papier-a4-paperone\" \/>\n<meta property=\"og:locale\" content=\"fr_FR\" \/>\n<meta property=\"og:type\" content=\"article\" \/>\n<meta property=\"og:title\" content=\"Ramette papier A4 EZ PAPER - PAPEX\" \/>\n<meta property=\"og:description\" content=\"Le papier de bureau EZ PAPER est certifi\u00e9 PEFC et fabriqu\u00e9 \u00e0 partir de fibres 100 % renouvelables. EZ PAPER am\u00e9lior\u00e9 avec la technologie d&#039;impression Prodigy HD donne des couleurs \u00e9clatantes, des noirs plus denses, pas de bavures, des lignes nettes et permet d&#039;\u00e9conomiser jusqu&#039;\u00e0 18 % d&#039;utilisation. 1 rame, 500 morceaux de papiers de 70 g\/m\u00b2. (210 x 297 mm)\" \/>\n<meta property=\"og:url\" content=\"https:\/\/papex.sn\/?product=ramette-papier-a4-paperone\" \/>\n<meta property=\"og:site_name\" content=\"PAPEX\" \/>\n<meta property=\"article:publisher\" content=\"https:\/\/www.facebook.com\/PapexSarl\" \/>\n<meta property=\"article:modified_time\" content=\"2024-09-02T15:27:28+00:00\" \/>\n<meta property=\"og:image\" content=\"https:\/\/papex.sn\/wp-content\/uploads\/2022\/10\/Design-sans-titre-12.png\" \/>\n\t<meta property=\"og:image:width\" content=\"600\" \/>\n\t<meta property=\"og:image:height\" content=\"600\" \/>\n\t<meta property=\"og:image:type\" content=\"image\/png\" \/>\n<meta name=\"twitter:card\" content=\"summary_large_image\" \/>\n<script type=\"application\/ld+json\" class=\"yoast-schema-graph\">{\"@context\":\"https:\\\/\\\/schema.org\",\"@graph\":[{\"@type\":\"WebPage\",\"@id\":\"https:\\\/\\\/papex.sn\\\/?product=ramette-papier-a4-paperone\",\"url\":\"https:\\\/\\\/papex.sn\\\/?product=ramette-papier-a4-paperone\",\"name\":\"Ramette papier A4 EZ PAPER - PAPEX\",\"isPartOf\":{\"@id\":\"https:\\\/\\\/papex.sn\\\/#website\"},\"primaryImageOfPage\":{\"@id\":\"https:\\\/\\\/papex.sn\\\/?product=ramette-papier-a4-paperone#primaryimage\"},\"image\":{\"@id\":\"https:\\\/\\\/papex.sn\\\/?product=ramette-papier-a4-paperone#primaryimage\"},\"thumbnailUrl\":\"https:\\\/\\\/papex.sn\\\/wp-content\\\/uploads\\\/2022\\\/10\\\/Design-sans-titre-12.png\",\"datePublished\":\"2022-10-12T09:31:42+00:00\",\"dateModified\":\"2024-09-02T15:27:28+00:00\",\"breadcrumb\":{\"@id\":\"https:\\\/\\\/papex.sn\\\/?product=ramette-papier-a4-paperone#breadcrumb\"},\"inLanguage\":\"fr-FR\",\"potentialAction\":[{\"@type\":\"ReadAction\",\"target\":[\"https:\\\/\\\/papex.sn\\\/?product=ramette-papier-a4-paperone\"]}]},{\"@type\":\"ImageObject\",\"inLanguage\":\"fr-FR\",\"@id\":\"https:\\\/\\\/papex.sn\\\/?product=ramette-papier-a4-paperone#primaryimage\",\"url\":\"https:\\\/\\\/papex.sn\\\/wp-content\\\/uploads\\\/2022\\\/10\\\/Design-sans-titre-12.png\",\"contentUrl\":\"https:\\\/\\\/papex.sn\\\/wp-content\\\/uploads\\\/2022\\\/10\\\/Design-sans-titre-12.png\",\"width\":600,\"height\":600},{\"@type\":\"BreadcrumbList\",\"@id\":\"https:\\\/\\\/papex.sn\\\/?product=ramette-papier-a4-paperone#breadcrumb\",\"itemListElement\":[{\"@type\":\"ListItem\",\"position\":1,\"name\":\"Accueil\",\"item\":\"https:\\\/\\\/papex.sn\\\/\"},{\"@type\":\"ListItem\",\"position\":2,\"name\":\"Boutique\",\"item\":\"https:\\\/\\\/papex.sn\\\/?page_id=388\"},{\"@type\":\"ListItem\",\"position\":3,\"name\":\"Ramette papier A4 EZ PAPER\"}]},{\"@type\":\"WebSite\",\"@id\":\"https:\\\/\\\/papex.sn\\\/#website\",\"url\":\"https:\\\/\\\/papex.sn\\\/\",\"name\":\"PAPEX\",\"description\":\"Papeterie Express\",\"publisher\":{\"@id\":\"https:\\\/\\\/papex.sn\\\/#organization\"},\"potentialAction\":[{\"@type\":\"SearchAction\",\"target\":{\"@type\":\"EntryPoint\",\"urlTemplate\":\"https:\\\/\\\/papex.sn\\\/?s={search_term_string}\"},\"query-input\":{\"@type\":\"PropertyValueSpecification\",\"valueRequired\":true,\"valueName\":\"search_term_string\"}}],\"inLanguage\":\"fr-FR\"},{\"@type\":\"Organization\",\"@id\":\"https:\\\/\\\/papex.sn\\\/#organization\",\"name\":\"PAPEX\",\"url\":\"https:\\\/\\\/papex.sn\\\/\",\"logo\":{\"@type\":\"ImageObject\",\"inLanguage\":\"fr-FR\",\"@id\":\"https:\\\/\\\/papex.sn\\\/#\\\/schema\\\/logo\\\/image\\\/\",\"url\":\"https:\\\/\\\/papex.sn\\\/wp-content\\\/uploads\\\/2022\\\/05\\\/telechargement-1.jpg\",\"contentUrl\":\"https:\\\/\\\/papex.sn\\\/wp-content\\\/uploads\\\/2022\\\/05\\\/telechargement-1.jpg\",\"width\":299,\"height\":168,\"caption\":\"PAPEX\"},\"image\":{\"@id\":\"https:\\\/\\\/papex.sn\\\/#\\\/schema\\\/logo\\\/image\\\/\"},\"sameAs\":[\"https:\\\/\\\/www.facebook.com\\\/PapexSarl\",\"https:\\\/\\\/www.instagram.com\\\/papex.sarl\\\/\"]}]}<\/script>\n<!-- \/ Yoast SEO plugin. -->","yoast_head_json":{"title":"Ramette papier A4 EZ PAPER - PAPEX","robots":{"index":"index","follow":"follow","max-snippet":"max-snippet:-1","max-image-preview":"max-image-preview:large","max-video-preview":"max-video-preview:-1"},"canonical":"https:\/\/papex.sn\/?product=ramette-papier-a4-paperone","og_locale":"fr_FR","og_type":"article","og_title":"Ramette papier A4 EZ PAPER - PAPEX","og_description":"Le papier de bureau EZ PAPER est certifi\u00e9 PEFC et fabriqu\u00e9 \u00e0 partir de fibres 100 % renouvelables. EZ PAPER am\u00e9lior\u00e9 avec la technologie d'impression Prodigy HD donne des couleurs \u00e9clatantes, des noirs plus denses, pas de bavures, des lignes nettes et permet d'\u00e9conomiser jusqu'\u00e0 18 % d'utilisation. 1 rame, 500 morceaux de papiers de 70 g\/m\u00b2. (210 x 297 mm)","og_url":"https:\/\/papex.sn\/?product=ramette-papier-a4-paperone","og_site_name":"PAPEX","article_publisher":"https:\/\/www.facebook.com\/PapexSarl","article_modified_time":"2024-09-02T15:27:28+00:00","og_image":[{"width":600,"height":600,"url":"https:\/\/papex.sn\/wp-content\/uploads\/2022\/10\/Design-sans-titre-12.png","type":"image\/png"}],"twitter_card":"summary_large_image","schema":{"@context":"https:\/\/schema.org","@graph":[{"@type":"WebPage","@id":"https:\/\/papex.sn\/?product=ramette-papier-a4-paperone","url":"https:\/\/papex.sn\/?product=ramette-papier-a4-paperone","name":"Ramette papier A4 EZ PAPER - PAPEX","isPartOf":{"@id":"https:\/\/papex.sn\/#website"},"primaryImageOfPage":{"@id":"https:\/\/papex.sn\/?product=ramette-papier-a4-paperone#primaryimage"},"image":{"@id":"https:\/\/papex.sn\/?product=ramette-papier-a4-paperone#primaryimage"},"thumbnailUrl":"https:\/\/papex.sn\/wp-content\/uploads\/2022\/10\/Design-sans-titre-12.png","datePublished":"2022-10-12T09:31:42+00:00","dateModified":"2024-09-02T15:27:28+00:00","breadcrumb":{"@id":"https:\/\/papex.sn\/?product=ramette-papier-a4-paperone#breadcrumb"},"inLanguage":"fr-FR","potentialAction":[{"@type":"ReadAction","target":["https:\/\/papex.sn\/?product=ramette-papier-a4-paperone"]}]},{"@type":"ImageObject","inLanguage":"fr-FR","@id":"https:\/\/papex.sn\/?product=ramette-papier-a4-paperone#primaryimage","url":"https:\/\/papex.sn\/wp-content\/uploads\/2022\/10\/Design-sans-titre-12.png","contentUrl":"https:\/\/papex.sn\/wp-content\/uploads\/2022\/10\/Design-sans-titre-12.png","width":600,"height":600},{"@type":"BreadcrumbList","@id":"https:\/\/papex.sn\/?product=ramette-papier-a4-paperone#breadcrumb","itemListElement":[{"@type":"ListItem","position":1,"name":"Accueil","item":"https:\/\/papex.sn\/"},{"@type":"ListItem","position":2,"name":"Boutique","item":"https:\/\/papex.sn\/?page_id=388"},{"@type":"ListItem","position":3,"name":"Ramette papier A4 EZ PAPER"}]},{"@type":"WebSite","@id":"https:\/\/papex.sn\/#website","url":"https:\/\/papex.sn\/","name":"PAPEX","description":"Papeterie Express","publisher":{"@id":"https:\/\/papex.sn\/#organization"},"potentialAction":[{"@type":"SearchAction","target":{"@type":"EntryPoint","urlTemplate":"https:\/\/papex.sn\/?s={search_term_string}"},"query-input":{"@type":"PropertyValueSpecification","valueRequired":true,"valueName":"search_term_string"}}],"inLanguage":"fr-FR"},{"@type":"Organization","@id":"https:\/\/papex.sn\/#organization","name":"PAPEX","url":"https:\/\/papex.sn\/","logo":{"@type":"ImageObject","inLanguage":"fr-FR","@id":"https:\/\/papex.sn\/#\/schema\/logo\/image\/","url":"https:\/\/papex.sn\/wp-content\/uploads\/2022\/05\/telechargement-1.jpg","contentUrl":"https:\/\/papex.sn\/wp-content\/uploads\/2022\/05\/telechargement-1.jpg","width":299,"height":168,"caption":"PAPEX"},"image":{"@id":"https:\/\/papex.sn\/#\/schema\/logo\/image\/"},"sameAs":["https:\/\/www.facebook.com\/PapexSarl","https:\/\/www.instagram.com\/papex.sarl\/"]}]}},"_links":{"self":[{"href":"https:\/\/papex.sn\/index.php?rest_route=\/wp\/v2\/product\/2430","targetHints":{"allow":["GET"]}}],"collection":[{"href":"https:\/\/papex.sn\/index.php?rest_route=\/wp\/v2\/product"}],"about":[{"href":"https:\/\/papex.sn\/index.php?rest_route=\/wp\/v2\/types\/product"}],"replies":[{"embeddable":true,"href":"https:\/\/papex.sn\/index.php?rest_route=%2Fwp%2Fv2%2Fcomments&post=2430"}],"version-history":[{"count":4,"href":"https:\/\/papex.sn\/index.php?rest_route=\/wp\/v2\/product\/2430\/revisions"}],"predecessor-version":[{"id":3616,"href":"https:\/\/papex.sn\/index.php?rest_route=\/wp\/v2\/product\/2430\/revisions\/3616"}],"wp:featuredmedia":[{"embeddable":true,"href":"https:\/\/papex.sn\/index.php?rest_route=\/wp\/v2\/media\/3614"}],"wp:attachment":[{"href":"https:\/\/papex.sn\/index.php?rest_route=%2Fwp%2Fv2%2Fmedia&parent=2430"}],"wp:term":[{"taxonomy":"product_brand","embeddable":true,"href":"https:\/\/papex.sn\/index.php?rest_route=%2Fwp%2Fv2%2Fproduct_brand&post=2430"},{"taxonomy":"product_cat","embeddable":true,"href":"https:\/\/papex.sn\/index.php?rest_route=%2Fwp%2Fv2%2Fproduct_cat&post=2430"},{"taxonomy":"product_tag","embeddable":true,"href":"https:\/\/papex.sn\/index.php?rest_route=%2Fwp%2Fv2%2Fproduct_tag&post=2430"}],"curies":[{"name":"wp","href":"https:\/\/api.w.org\/{rel}","templated":true}]}}